
-88
In base 7, what is -51410 + 1?
-51406
In base 3, what is 2202 - 1001?
1201
In base 12, what is 26 - 169?
-143
In base 16, what is 251 + -21?
230
In base 10, what is -261 + -2?
-263
In base 9, what is -74 - -77?
3
In base 15, what is -310 + -4?
-314
In base 2, what is -1 + -1000011?
-1000100
In base 9, what is -302 + -1?
-303
In base 11, what is 83 + -6?
78
In base 2, what is -101001001100 + -100?
-101001010000
In base 6, what is -3532 + 5?
-3523
In base 6, what is 0 + -40?
-40
In base 12, what is 56 + a6?
140
In base 3, what is -10 + -12212?
-12222
In base 3, what is 101 - 2?
22
In base 6, what is -3 + -23?
-30
In base 11, what is 114 + -1?
113
In base 16, what is 0 - -20?
20
In base 6, what is 25 - -3?
32
In base 10, what is -5 - 901?
-906
In base 10, what is -4 + 392?
388
In base 2, what is 1110 - 11111?
-10001
In base 13, what is c3 - -13?
106
In base 7, what is 62060 - -1?
62061
In base 14, what is 0 - -1765?
1765
In base 8, what is 4 - -340?
344
In base 5, what is 1 - -43?
44
In base 13, what is 8 - -59?
64
In base 9, what is 635 - 6?
628
In base 13, what is -2 + 3c?
3a
In base 10, what is 395 - 5?
390
In base 11, what is -4 - -4a?
46
In base 12, what is -1a59 - 1?
-1a5a
In base 13, what is -1a - -35?
18
In base 13, what is 1 + 226?
227
In base 13, what is -3 + -1c?
-22
In base 6, what is 3 + 242?
245
In base 9, what is 4 + 673?
677
In base 7, what is 5 - -211?
216
In base 6, what is -110 + -4?
-114
In base 3, what is -20222 + -10?
-21002
In base 3, what is 2021 + -20001?
-10210
In base 5, what is 304 - -44?
403
In base 14, what is 54 - 4?
50
In base 3, what is 0 - 1211?
-1211
In base 4, what is -10 - 21231?
-21301
In base 16, what is c - -a6?
b2
In base 7, what is -60 - -11?
-46
In base 7, what is -2 - 3465?
-3500
In base 12, what is -3498 - 5?
-34a1
In base 3, what is -111021 + 2?
-111012
In base 16, what is 7 - b6b?
-b64
In base 4, what is 2 - -1221?
1223
In base 14, what is -96b - -2?
-969
In base 8, what is -5 + 27?
22
In base 4, what is -112 - 32?
-210
In base 15, what is 1371 + -5?
136b
In base 4, what is -11 - 132?
-203
In base 16, what is -2 - -88?
86
In base 5, what is -14031 - 10?
-14041
In base 13, what is -52 + -53?
-a5
In base 14, what is 5 - c?
-7
In base 10, what is -105 + 1?
-104
In base 12, what is -5b - 13?
-72
In base 11, what is 5 + 5?
a
In base 8, what is -25 - -51?
24
In base 5, what is 2104 + 2?
2111
In base 4, what is -11 - -10?
-1
In base 4, what is -11 - -213?
202
In base 8, what is 12025 - 2?
12023
In base 3, what is -102 + -1221010?
-1221112
In base 16, what is 2 - 13?
-11
In base 6, what is -454 - -13?
-441
In base 13, what is -25b + 1?
-25a
In base 8, what is 0 - 1766?
-1766
In base 7, what is 2011 - -5?
2016
In base 15, what is -2 - 219?
-21b
In base 12, what is -166 - -2?
-164
In base 6, what is 0 + 1025?
1025
In base 12, what is 2 - -285?
287
In base 13, what is 7 - -18?
22
In base 11, what is 66 + -24?
42
In base 6, what is 4 - 1233?
-1225
In base 14, what is -94 + -5?
-99
In base 16, what is -e + 56?
48
In base 8, what is -4 - 4042?
-4046
In base 13, what is -1 + -29?
-2a
In base 3, what is -10 - -21200?
21120
In base 14, what is 619 - 2?
617
In base 12, what is -94 - 1?
-95
In base 6, what is 3 - 102?
-55
In base 14, what is 24 - 3?
21
In base 15, what is -d8 - 0?
-d8
In base 8, what is 1206 - 0?
1206
In base 15, what is 1 + -395?
-394
In base 12, what is 0 - 4b?
-4b
In base 5, what is 2 + 10332?
10334
In base 5, what is -10 - 3?
-13
In base 12, what is ab + -51?
5a
In base 3, what is -1012 - -110?
-202
In base 3, what is -201 - -1002222?
1002021
In base 11, what is 220 + 2?
222
In base 9, what is -3858 - 3?
-3862
In base 16, what is -1 + 12?
11
In base 10, what is -1 - -1333?
1332
In base 12, what is 15 + 5b?
74
In base 16, what is -27 + 80?
59
In base 9, what is -2 + -168?
-171
In base 8, what is 2 + 10432?
10434
In base 14, what is 13 - -4?
17
In base 9, what is -3 + 5?
2
In base 7, what is -12 + 156?
144
In base 11, what is -a + 789?
77a
In base 8, what is -277 + -4?
-303
In base 9, what is 28 - -14?
43
In base 10, what is 67 + -6?
61
In base 10, what is 2 - 12?
-10
In base 13, what is 18 - 3?
15
In base 14, what is -18b + -5?
-192
In base 9, what is 3 + -157?
-154
In base 15, what is 92 - 1?
91
In base 4, what is -10000200 - 10?
-10000210
In base 3, what is 20102 + 121?
21000
In base 4, what is 31331 + -12?
31313
In base 6, what is 4 - -23312?
23320
In base 8, what is -5 + 207?
202
In base 2, what is 10 + -100100?
-100010
In base 2, what is -1111101001 - -11?
-1111100110
In base 10, what is 25 - 10?
15
In base 8, what is -5 + 435?
430
In base 8, what is 421 + -2?
417
In base 2, what is -1 + 111001100000?
111001011111
In base 14, what is -11ad + -3?
-11b2
In base 9, what is -22 - -1?
-21
In base 3, what is -2122101111 - -10?
-2122101101
In base 13, what is -199b + 2?
-1999
In base 10, what is 5520 - 5?
5515
In base 9, what is 4446 - -2?
4448
In base 5, what is 134343 - 0?
134343
In base 9, what is 17527 - -3?
17531
In base 12, what is 162 - 0?
162
In base 4, what is -130230 - 0?
-130230
In base 13, what is 143 - 2?
141
In base 15, what is -23 - -6?
-1c
In base 11, what is -2 + 2021?
201a
In base 12, what is -217 + 5?
-212
In base 13, what is -5 + 7?
2
In base 11, what is -2 + 506?
504
In base 15, what is 235 + 7?
23c
In base 16, what is -182 + -f?
-191
In base 7, what is -54 + -34?
-121
In base 6, what is -1 + -21435?
-21440
In base 13, what is ca + -3?
c7
In base 16, what is -74 + -3?
-77
In base 2, what is 1010 + 100001010010?
100001011100
In base 8, what is 1 + -3?
-2
In base 10, what is 9 - 0?
9
In base 7, what is 16 - -22?
41
In base 13, what is -4 + 45?
41
In base 16, what is -16 + 29?
13
In base 2, what is 1001 - 10101111?
-10100110
In base 3, what is -10 - -11201?
11121
In base 8, what is 3 + -301?
-276
In base 10, what is -5 - 47?
-52
In base 7, what is -105 + 350?
242
In base 3, what is 12 - 11111?
-11022
In base 3, what is -11 - -120000?
112212
In base 9, what is -118 - 0?
-118
In base 14, what is 37 - -1d5?
22c
In base 2, what is 110011 - -1000?
111011
In base 3, what is -12 + -111101?
-111120
In base 9, what is 11 - -28?
40
In base 8, what is 110 - 1?
107
In base 7, what is -4 - 2633?
-2640
In base 14, what is -d7ad - -3?
-d7aa
In base 5, what is 11 - -213?
224
In base 13, what is 700 - 4?
6c9
In base 7, what is 103 - -60?
163
In base 5, what is -410 + -13?
-423
In base 14, what is 390 + -4?
38a
In base 5, what is 1 + -213?
-212
In base 6, what is 0 - -2510?
2510
In base 4, what is 13 - 12?
1
In base 11, what is 23 - -4?
27
In base 15, what is -176 - 5?
-17b
In base 15, what is -1 - 32?
-33
In base 12, what is -6 + 80?
76
In base 14, what is -7 - 108?
-111
In base 5, what is 4 + -203231?
-203222
In base 16, what is 6 + -1a8?
-1a2
In base 9, what is 1 - -741?
742
In base 9, what is -7 - -2324?
2316
In base 16, what is 2 - 2e5?
-2e3
In base 2, what is -1010101 - -11?
-1010010
In base 9, what is -2353 + -2?
-2355
In base 10, what is -1 + 2338?
2337
In base 9, what is 4 + -12?
-7
In base 7, what is 20 - -4?
24
In base 5, what is -100 + -142?
-242
In base 7, what is 101 + -15?
53
In base 6, what is 205 + 11?
220
In base 5, what is 14 + 232?
301
In base 10, what is 2192 - 4?
2188
In base 14, what is 24 + 6?
2a
In base 12, what is -2a47 + 5?
-2a42
In base 13, what is 5 + 145?
14a
In base 9, what is 10 - 18?
-8
In base 4, what is 2033 - 2?
2031
In base 14, what is 4 - -2d?
33
In base 13, what is 5018 - 2?
5016
In base 3, what is 12111220 - -12?
12112002
In base 16, what is 6d0 + 4?
6d4
In base 5, what is -40323 - 0?
-40323
In base 5, what is -2033402 + -4?
-2033411
In base 7, what is 526 + -3?
523
In base 7, what is -3 - -13?
10
In base 16, what is 3 - 15?
-12
In base 15, what is a32 - -2?
a34
In base 6, what is -10415 - -3?
-10412
In base 10, what is -338 + -8?
-346
In base 15, what is -2 + -21e?
-221
In base 2, what is 1001 + 11000?
100001
In base 12, what is 82 + 0?
82
In base 6, what is 2 + -153?
-151
In base 14, what is 1 + -2532?
-2531
In base 8, what is -3 + 1447?
1444
In base 5, what is 11314 + 3?
11322
In base 3, what is 12 + 22?
111
In base 7, what is -6 + 43?
34
In base 12, what is a - 368?
-35a
In base 8, what is -6700 + 5?
-6673
In base 14, what is -2c - 0?
-2c
In base 6